inder when (-8 - 223)*((-144)/(-27))/(-8) is divided by o(3)?
14
Suppose -183 = -13*x + 51. Suppose h - 8 = x. What is the remainder when h is divided by 15?
11
Let x(b) = b**2 - 6*b - 4. Let h be x(8). Let f(a) = -16 - h + 3 + 11*a + 4. Calculate the remainder when 87 is divided by f(4).
18
Let u be 4 - -35 - (6 - (-1 + 3)). Let q = 103 - u. What is the remainder when 270 is divided by q?
66
Suppose -3*j - 5*c + 114 = 0, 0*c = j - 5*c - 38. What is the remainder when j is divided by 2/((-784)/(-77) - 10) - -16?
11
Let u(d) = 2*d**2 - 191*d - 988. Calculate the remainder when (-2 - -3) + 1*41 is divided by u(-5).
8
Suppose -2*c - 5*k = 2*c - 365, c - 5*k - 85 = 0. Calculate the remainder when 2334 is divided by c.
84
Let m be (-5 - -6)/(2/148). Let c = 56 + m. Calculate the remainder when c is divided by 33.
31
Suppose 2652 = 4*c - 13*y + 10*y, 2*c + 5*y - 1300 = 0. What is the remainder when c is divided by 95?
90
Suppose 0 = -4*a - 20, 2*a + 10 = -0*n + n. Suppose 5*p + 40 - 140 = n. Calculate the remainder when 55 is divided by p.
15
Calculate the remainder when 7/(-21) + 1518/18 is divided by 5.
4
Suppose -5*z + 35 = 25. Suppose -2*x = -9*m - 247, -4*m + 58 = -z*x + 320. What is the remainder when x is divided by 18?
11
Let b(u) = -83*u - 14. Let p be b(-2). Suppose 792 = 5*i + 7*q - 8*q, -i - 3*q + p = 0. What is the remainder when i is divided by 18?
14
Calculate the remainder when 82 is divided by (-3 - 12/(-8))*48/(-4).
10
Suppose -28 = -v + 32. Let r = -793 - -1151. Calculate the remainder when r is divided by v.
58
Suppose -2*f - 350 + 1740 = 2*h, 0 = -4*h + 2*f + 2756. What is the remainder when h is divided by 14?
5
Suppose 30*g - 29*g = -2*l + 12, 4*l + 48 = 4*g. Suppose g*f = 3*f + 270. What is the remainder when 40 is divided by f?
10
Let u(w) = -566*w**3 + w**2 + 45*w + 46. What is the remainder when u(-1) is divided by 52?
48
Suppose 70*d = 12*d + 5916. Calculate the remainder when 267 is divided by d.
63
Let n = 511 - 453. Let q = -4 - -9. Suppose 0 = y + t + 7 - 29, 5*t = q*y - 90. Calculate the remainder when n is divided by y.
18
Let d = 91 - -29. Let m be (-4 + 1)/((-6)/(-4)) + 535. Suppose -m = 91*i - 104*i. What is the remainder when d is divided by i?
38
Let l be 14/(-3)*48/(-32). Suppose -6*x + l*x = 2. Suppose -3*y + 685 = x*y. Calculate the remainder when y is divided by 20.
17
Suppose -5*f + 12 = 67. Let z(g) = 25*g**2 - 17*g + 7 - 26*g**2 + 0*g - 35. What is the remainder when z(f) is divided by 4?
2
Suppose -2*k + 3*j + 956 = 0, -41*k + 5*j = -42*k + 452. Calculate the remainder when k is divided by 149.
25
Suppose 3*y - 5*f = 8*y - 560, -466 = -4*y + 2*f. Suppose -34*g + 39*g = y. Calculate the remainder when g is divided by 6.
5
What is the remainder when 3386 is divided by ((-546)/702)/((-2)/9)*(-676)/(-7)?
6
Calculate the remainder when (-1 + -2532)*219/(-3723) is divided by 57.
35
Let b(u) = -10*u + 19. Let c be b(-9). Let w = -107 + c. What is the remainder when 19 is divided by (w + 4 + -5)*4?
3
Suppose 0 = -6*b - 31 - 17. Let z = 31 + b. Suppose 0*h - 5*h + z = 2*l, l = 4. Calculate the remainder when h is divided by 3.
0
Let w(l) = 2*l**2 - 9*l + 10. Let y be w(6). Suppose -50 = -3*o + y. Let i = 52 - 1. Calculate the remainder when i is divided by o.
25
Suppose -17*y - 6*y = -184. Suppose 0 = -y*h + 346 - 218. Calculate the remainder when 367 is divided by h.
15
Let m(f) = f**3 + 6*f**2 - 3*f - 4. Let o be (14/21)/(((-12)/(-693))/2). Suppose -73*y = -o*y + 40. What is the remainder when m(-5) is divided by y?
6
Suppose -4*o - 3 = -o. Calculate the remainder when (-3 - -5) + (-5)/o is divided by ((-104)/(-16) + -8)*(-10)/3.
2
What is the remainder when 3577/3 + 536/(-402) is divided by 391?
18
Let s = -106 - -254. Let f = 200 + s. What is the remainder when f is divided by 22?
18
Suppose -k = 5*v + 21, 2*v + v = 4*k - 31. Let l(t) = t**3 + 6*t**2 - 3*t + 3. Let c(r) = -r**2 + 11*r - 9. What is the remainder when l(v) is divided by c(8)?
13
Let w = -144 + 99. Let a = 77 + w. Calculate the remainder when (-55)/(-462)*7*28644/385 is divided by a.
30
Let n = -38 + -41. Let q = 93 + n. Let l = 58 - 31. What is the remainder when l is divided by q?
13
Let b = 4005 + -3928. What is the remainder when 704 is divided by b?
11
Let i = 14061 + -13416. Calculate the remainder when i is divided by 82.
71
What is the remainder when 258 is divided by (-4)/(-54) + 198374/6858?
26
Let y = 113 + -90. Suppose -16*b - 560 = -y*b. Calculate the remainder when b is divided by 28.
24
Let x = -200 + 245. What is the remainder when 465 is divided by x?
15
What is the remainder when (215/129)/((-5)/(-408)) is divided by 6?
4
Let s(h) = 12*h**2 - 93*h - 113. Let w(p) be the second derivative of p**4/12 - p. Calculate the remainder when s(9) is divided by w(3).
4
Let n be ((-1)/5)/((-9)/(-45)). Let x be (1/(-3))/(2/(-12)). What is the remainder when 26 is divided by (195/(-26))/(n/x)?
11
Let c = 89 + -103. Let k be (c/(-2) - 7)/(1/(-1)). Suppose 3*v - 98 - 289 = k. Calculate the remainder when v is divided by 22.
19
Let w(v) = v**3 + 5*v + 4. Let y(k) = 2*k**3 + 11*k + 8. Let z(m) = 13*w(m) - 6*y(m). Calculate the remainder when 39 is divided by z(0).
3
Let h(z) = -49*z - 2. Let c be h(-2). Suppose -4*u + u = -3*x + c, -2*u = 10. Calculate the remainder when x is divided by 7.
6
Let w(a) = 2*a**3 + 23*a**2 - 47*a + 56. Calculate the remainder when 313 is divided by w(-13).
153
Let o(f) = -f**3 + 4*f**2 + 109*f + 123. Calculate the remainder when 222 is divided by o(13).
13
Let a = 12746 - 12313. Calculate the remainder when a is divided by 101.
29
What is the remainder when ((-11)/2 + 6)*80 is divided by (364/130)/(-2 - (-32)/15)?
19
Suppose 24 + 24 = 4*m + 5*x, -4*m + 48 = -x. Let p = 2 - 2. Suppose y - 47 = -p*y. Calculate the remainder when y is divided by m.
11
Let p = -334 + 759. What is the remainder when p is divided by 7?
5
Let w(h) = 97*h + 1697. Calculate the remainder when 12046 is divided by w(-17).
46
Let c = -5123 + 5249. What is the remainder when 440 is divided by c?
62
Let y(b) = -b**3 + 31*b**2 - 27*b - 4. What is the remainder when y(15) is divided by 19?
18
Let s(y) = 4*y**3 - 6*y**3 + 4*y**3 + 3*y**2 - 1 - 3*y**3. Suppose -o = 4, -3*f + 4*o + 9 = -25. What is the remainder when f is divided by s(2)?
0
Suppose 3704 = 3*w + 5*c, -2*w = -w + 2*c - 1236. What is the remainder when w is divided by 249?
232
Suppose -4*h - 5*k + 2 + 8 = 0, 2 = -h + k. Suppose 28*o - 881 - 127 = h. What is the remainder when 155 is divided by o?
11
Let a = -6313 + 7084. Calculate the remainder when a is divided by 186.
27
Suppose -1827 + 2055 - 25499 = -37*z. Calculate the remainder when z is divided by 97.
4
Let j = 72 - -200. Suppose 0 = -j*w + 264*w + 1112. Calculate the remainder when w is divided by 20.
19
Let y = 2933 - 2671. What is the remainder when y is divided by 71?
49
Suppose -3*g = -7*g. Suppose f + 2*r - 6*r - 104 = g, -539 = -5*f + r. Calculate the remainder when f is divided by 22.
20
Suppose 33*i + 829 - 2476 = 2742. Calculate the remainder when i is divided by 27.
25
Let d(c) = -c**3 + 7*c**2 + 1. Let u(r) = -9*r - 22. Let z(p) = 11*p + 20. Let o(t) = 3*u(t) + 4*z(t). What is the remainder when d(6) is divided by o(0)?
9
What is the remainder when -20*(-16)/128 - (-1 - (-469)/(-2)) is divided by 120?
118
Let s = 2241 + -2220. Calculate the remainder when 67 is divided by s.
4
Let w(p) = 39*p + 929. Calculate the remainder when w(-17) is divided by 9.
5
Suppose -20 = -3*z + 4*t, 48*z - 47*z + 10 = -2*t. Suppose -20*i + 46*i - 260 = z. Calculate the remainder when 159 is divided by i.
9
Let l(i) = -3*i**2 - 25*i - 7. Let p be l(-8). Calculate the remainder when (p + -2 + 3)*(4 + 49) is divided by 11.
7
Suppose 4*d = 22 - 6. Suppose d*a - 5*x - 301 = -10*x, 0 = 4*a + 3*x - 291. What is the remainder when 269 is divided by a?
62
Let w be ((-20)/15 + 0)*-3. Suppose 0*p = 3*p + w*k - 203, -191 = -3*p + 2*k. What is the remainder when p is divided by 34?
31
Let c(r) = -r**3 - 3*r**2 - 7*r + 5. Let f(h) = -h**3 + 20*h**2 + 44*h + 34. What is the remainder when c(-5) is divided by f(22)?
22
Let t(h) = -h**3 + h + 479. Suppose 280*w + 420 = 287*w. What is the remainder when t(0) is divided by w?
59
Suppose 6*b - 30 = 12*b